{"id":64,"date":"2025-04-03T14:19:11","date_gmt":"2025-04-03T14:19:11","guid":{"rendered":"http:\/\/asecs-market.local\/?post_type=product&#038;p=64"},"modified":"2026-05-12T07:51:12","modified_gmt":"2026-05-12T07:51:12","slug":"asecs-market-12-juli-bord","status":"publish","type":"product","link":"https:\/\/asecs.se\/asecs-market\/?product=asecs-market-12-juli-bord","title":{"rendered":"Asecs Market &#8211; 12 Juli &#8211; Bord"},"content":{"rendered":"<p>Sommarens b\u00e4sta utomhusloppis \u00e4r \u00e4ntligen snart tillbaka! Asecs Market \u00e4r J\u00f6nk\u00f6pings b\u00e4sta loppis d\u00e4r du b\u00e5de kan s\u00e4lja och k\u00f6pa vintage, prylar och kl\u00e4der f\u00f6r alla smaker. Vi f\u00f6rvandlar Kaserng\u00e5rden utanf\u00f6r oss till en f\u00e4rgsprakande familjefest fylld av roliga aktiviteter, dunderdeals, pop-up-butiker och underh\u00e5llning.<\/p>\n<p>Fr\u00e5n juni till september m\u00f6ts du f\u00f6rsta s\u00f6ndagen i m\u00e5naden kl 11-15 av h\u00e4rliga fynd, roliga upplevelser och kul aktiviteter f\u00f6r hela familjen. P\u00e5 plats finns loppisbord, fruktst\u00e5nd, bakluckeloppis och mycket mer; h\u00e5llbart, cirkul\u00e4rt, ekologiskt och ekonomiskt.<\/p>\n","protected":false},"excerpt":{"rendered":"<p>Sommarens b\u00e4sta utomhusloppis \u00e4r \u00e4ntligen snart tillbaka!<\/p>\n","protected":false},"featured_media":195,"comment_status":"open","ping_status":"closed","template":"","meta":[],"product_brand":[],"product_cat":[17],"product_tag":[],"class_list":{"0":"post-64","1":"product","2":"type-product","3":"status-publish","4":"has-post-thumbnail","6":"product_cat-asecs-market-12-juli","8":"first","9":"instock","10":"virtual","11":"purchasable","12":"product-type-simple"},"_links":{"self":[{"href":"https:\/\/asecs.se\/asecs-market\/index.php?rest_route=\/wp\/v2\/product\/64","targetHints":{"allow":["GET"]}}],"collection":[{"href":"https:\/\/asecs.se\/asecs-market\/index.php?rest_route=\/wp\/v2\/product"}],"about":[{"href":"https:\/\/asecs.se\/asecs-market\/index.php?rest_route=\/wp\/v2\/types\/product"}],"replies":[{"embeddable":true,"href":"https:\/\/asecs.se\/asecs-market\/index.php?rest_route=%2Fwp%2Fv2%2Fcomments&post=64"}],"wp:featuredmedia":[{"embeddable":true,"href":"https:\/\/asecs.se\/asecs-market\/index.php?rest_route=\/wp\/v2\/media\/195"}],"wp:attachment":[{"href":"https:\/\/asecs.se\/asecs-market\/index.php?rest_route=%2Fwp%2Fv2%2Fmedia&parent=64"}],"wp:term":[{"taxonomy":"product_brand","embeddable":true,"href":"https:\/\/asecs.se\/asecs-market\/index.php?rest_route=%2Fwp%2Fv2%2Fproduct_brand&post=64"},{"taxonomy":"product_cat","embeddable":true,"href":"https:\/\/asecs.se\/asecs-market\/index.php?rest_route=%2Fwp%2Fv2%2Fproduct_cat&post=64"},{"taxonomy":"product_tag","embeddable":true,"href":"https:\/\/asecs.se\/asecs-market\/index.php?rest_route=%2Fwp%2Fv2%2Fproduct_tag&post=64"}],"curies":[{"name":"wp","href":"https:\/\/api.w.org\/{rel}","templated":true}]}}