{"id":161,"date":"2025-04-03T15:22:55","date_gmt":"2025-04-03T15:22:55","guid":{"rendered":"http:\/\/asecs-market.local\/?page_id=161"},"modified":"2026-05-13T07:50:23","modified_gmt":"2026-05-13T07:50:23","slug":"faq","status":"publish","type":"page","link":"https:\/\/asecs.se\/asecs-market\/?page_id=161","title":{"rendered":"FAQ"},"content":{"rendered":"\n<figure class=\"wp-block-image size-full\"><img decoding=\"async\" src=\"https:\/\/asecs.se\/wp-content\/uploads\/2023\/03\/asecs-market-sommar-qna-1920x400-1.jpg\" alt=\"\" class=\"wp-image-37279\"\/><\/figure>\n\n\n\n<details class=\"wp-block-details has-text-color has-link-color has-large-font-size wp-elements-35c89aecda9085f48a93c7ada9c2095c is-layout-flow wp-block-details-is-layout-flow\" style=\"color:#03994c;font-style:normal;font-weight:600;text-transform:uppercase\"><summary><strong><strong>\u00c5h nej jag \u00e4r sjuk, hur g\u00f6r jag?<\/strong><\/strong><\/summary>\n<p class=\"is-style-default has-contrast-color has-text-color has-link-color has-medium-font-size wp-elements-7daa6d1e60611f12a0df4c3fae442d26\" style=\"font-style:normal;font-weight:400;text-transform:none\">Maila market@asecs.se s\u00e5 vi vet att du uteblir, tyv\u00e4rr \u00e5terbetalas inga avgifter utan detta g\u00e5r till att st\u00f6dja lokalt f\u00f6reningsliv. Krya p\u00e5 dig!<\/p>\n<\/details>\n\n\n\n<details class=\"wp-block-details has-text-color has-link-color has-large-font-size wp-elements-61c5aab9ba78795da9360818bd626b96 is-layout-flow wp-block-details-is-layout-flow\" style=\"color:#03994c;font-style:normal;font-weight:600;text-transform:uppercase\"><summary><strong><strong>Hur gammal m\u00e5ste man vara f\u00f6r att f\u00e5 st\u00e4lla ut?<\/strong><\/strong><\/summary>\n<p class=\"is-style-default has-contrast-color has-text-color has-link-color has-medium-font-size wp-elements-5819cbcd8d4a9ff3d6f60a0966dd028f\" style=\"font-style:normal;font-weight:400;text-transform:none\">\u00c4r du under 15 \u00e5r b\u00f6r m\u00e5lsman vara med p\u00e5 plats under marknadsdagen, annars \u00e4r alla v\u00e4lkomna att s\u00e4lja p\u00e5 Market.<\/p>\n<\/details>\n\n\n\n<details class=\"wp-block-details has-text-color has-link-color has-large-font-size wp-elements-d362f2f83085d3910e7954c8060be452 is-layout-flow wp-block-details-is-layout-flow\" style=\"color:#03994c;font-style:normal;font-weight:600;text-transform:uppercase\"><summary><strong><strong>F\u00e5r man s\u00e4lja \u00e4tbara saker, tex hembakat?<\/strong><\/strong><\/summary>\n<p class=\"is-style-default has-contrast-color has-text-color has-link-color has-medium-font-size wp-elements-5d907079f333b48706ebe767148fc3d2\" style=\"font-style:normal;font-weight:400;text-transform:none\">Du f\u00e5r tillf\u00e4lligt s\u00e4lja sm\u00e5 m\u00e4ngder frukt, b\u00e4r, mikrogr\u00f6nt, alger, svamp, gr\u00f6nsaker och potatis direkt till konsument utan n\u00e5gra specifika krav, f\u00f6rutom att DU ansvarar f\u00f6r att maten \u00e4r s\u00e4ker.<br>Det finns ingenting i lagstiftningen som f\u00f6rbjuder f\u00f6rs\u00e4ljning av hembakta bullar. D\u00e4remot \u00e4r det alltid den som s\u00e4ljer mat som ansvarar f\u00f6r att maten \u00e4r s\u00e4ker till din konsument eller kund.<\/p>\n<\/details>\n\n\n\n<details class=\"wp-block-details has-text-color has-link-color has-large-font-size wp-elements-09d9a354fefe35e7ef37cfcbd37c6508 is-layout-flow wp-block-details-is-layout-flow\" style=\"color:#03994c;font-style:normal;font-weight:600;text-transform:uppercase\"><summary><strong><strong>Finns det mat att k\u00f6pa p\u00e5 plats?<\/strong><\/strong><\/summary>\n<p class=\"is-style-default has-contrast-color has-text-color has-link-color has-medium-font-size wp-elements-f27e2fd4004e751c7e0abd5aba052a9d\" style=\"font-style:normal;font-weight:400;text-transform:none\">Det kommer att finnas lite olika f\u00f6rt\u00e4ring att k\u00f6pa och s\u00e5klart massor med restauranger inne p\u00e5 Asecs, med v\u00e4rldens variation!<\/p>\n<\/details>\n\n\n\n<details class=\"wp-block-details has-text-color has-link-color has-large-font-size wp-elements-b2568fa37c5e3e820169ab5086126c35 is-layout-flow wp-block-details-is-layout-flow\" style=\"color:#03994c;font-style:normal;font-weight:600;text-transform:uppercase\"><summary><strong><strong>Jag minns inte om jag bokat\/ jag saknar Bokningsbekr\u00e4ftelse<\/strong><\/strong><\/summary>\n<p class=\"is-style-default has-contrast-color has-text-color has-link-color has-medium-font-size wp-elements-9ecd78e26869f724d14e47ab04a60109\" style=\"font-style:normal;font-weight:400;text-transform:none\">Du ska f\u00e5 ett bekr\u00e4ftande mail direkt efter din bokning. Saknar du mailet? Kika g\u00e4rna i din skr\u00e4ppost.<br>Anv\u00e4nder du fler mailadresser? Ibland r\u00e5kar man g\u00f6ra bokningen p\u00e5 fel mail. <br>Dagarna innan det \u00e4r dags f\u00f6r marknad f\u00e5r du ett mail med lite praktisk information och tips f\u00f6r kommande marknadsdag. <br>F\u00f6r fr\u00e5gor om din bokning, kontakta market@asecs.se<\/p>\n<\/details>\n\n\n\n<details class=\"wp-block-details has-text-color has-link-color has-large-font-size wp-elements-83437c4d74ba1319c9d09111a9f5468a is-layout-flow wp-block-details-is-layout-flow\" style=\"color:#03994c;font-style:normal;font-weight:600;text-transform:uppercase\"><summary><strong><strong><strong><strong>Skillnader mellan bordplats och bakluckeloppis?<\/strong><\/strong><\/strong><\/strong><\/summary>\n<p class=\"is-style-default has-contrast-color has-text-color has-link-color has-medium-font-size wp-elements-990a7483447f988d2281588a01029996\" style=\"font-style:normal;font-weight:400;text-transform:none\">Vid bokning av en bordsplats ing\u00e5r ett 183\u00d776 cm stort bord som du f\u00e5r l\u00e5na av Asecs.<br>Vi backluckeloppis ing\u00e5r inget bord. I b\u00e5da fallen \u00e4r du fri att ta med dig egna bord, kl\u00e4dst\u00e4llningar, parasoll eller andra tillbeh\u00f6r. Alla dina tillbeh\u00f6r och prylar m\u00e5ste dock rymmas innanf\u00f6r din plats! Varje marknadsplats \u00e4r ungef\u00e4r lika stor som en vanlig parkeringsruta. <br>Om du vill ta med tillbeh\u00f6r som \u00e4r st\u00f6rre \u00e4n en vanlig Marketplats m\u00e5ste du k\u00f6pa fler platser tills dina tillbeh\u00f6r f\u00e5r plats inom dina k\u00f6pta platser. <br>Det finns inga extra tillbeh\u00f6r att hyra av Asecs p\u00e5 plats.<br><\/p>\n<\/details>\n\n\n\n<details class=\"wp-block-details has-text-color has-link-color has-large-font-size wp-elements-bda6d9a202c056cdb77089009f983c69 is-layout-flow wp-block-details-is-layout-flow\" style=\"color:#03994c;font-style:normal;font-weight:600;text-transform:uppercase\"><summary><strong><strong><strong><strong>Vad f\u00e5r jag ha med mig till min plats?<\/strong><\/strong><\/strong><\/strong><\/summary>\n<p class=\"is-style-default has-contrast-color has-text-color has-link-color has-medium-font-size wp-elements-f8a1e7c257877e85936e9a3b540982e7\" style=\"font-style:normal;font-weight:400;text-transform:none\">Du f\u00e5r ta med exempelvis stol, kl\u00e4dh\u00e4ngare, plastbackar m.m. s\u00e5 l\u00e4nge allt f\u00e5r plats inom din tilldelade ruta.<br>Om du vill ta med tillbeh\u00f6r som \u00e4r st\u00f6rre \u00e4n en vanlig Marketplats m\u00e5ste du k\u00f6pa fler platser tills dina tillbeh\u00f6r f\u00e5r plats inom dina k\u00f6pta platser. <br><\/p>\n<\/details>\n\n\n\n<details class=\"wp-block-details has-text-color has-link-color has-large-font-size wp-elements-1251060bf2043df0526da87457160eb7 is-layout-flow wp-block-details-is-layout-flow\" style=\"color:#03994c;font-style:normal;font-weight:600;text-transform:uppercase\"><summary><strong><strong><strong><strong>Jag vill v\u00e4lja vart jag ska st\u00e5<\/strong><\/strong><\/strong><\/strong><\/summary>\n<p class=\"is-style-default has-contrast-color has-text-color has-link-color has-medium-font-size wp-elements-0f9401c8e4c8d814280c27edd89e638f\" style=\"font-style:normal;font-weight:400;text-transform:none\">Som grundregel f\u00e5r utst\u00e4llare inte v\u00e4lja platser sj\u00e4lva. Det \u00e4r v\u00e4rdarnas jobb att fylla p\u00e5 alla lediga platser p\u00e5 ett s\u00e4kert s\u00e4tt, ha koll p\u00e5 alla som st\u00e4ller ut, och se till att utst\u00e4llare som bokat flera platser p\u00e5 rad f\u00e5r plats. <br>Om du har \u00f6nskem\u00e5l kring vart du vill st\u00e5 kan du prata med v\u00e4rdarna p\u00e5 plats s\u00e5 g\u00e5r detta oftast att l\u00f6sa, men du har inte r\u00e4tt att kr\u00e4va en specifik plats.<br><\/p>\n<\/details>\n\n\n\n<details class=\"wp-block-details has-text-color has-link-color has-large-font-size wp-elements-12c5180b4014d1b69a4ece0696850895 is-layout-flow wp-block-details-is-layout-flow\" style=\"color:#03994c;font-style:normal;font-weight:600;text-transform:uppercase\"><summary><strong><strong><strong><strong>Vilka tider \u00e4r Market?<\/strong><\/strong><\/strong><\/strong><\/summary>\n<p class=\"is-style-default has-contrast-color has-text-color has-link-color has-medium-font-size wp-elements-4b422978e051636fbba029675bc5b44d\" style=\"font-style:normal;font-weight:400;text-transform:none\">Asecs Market \u00f6ppettider \u00e4r kl. 11.00\u201315.00 men kom g\u00e4rna minst 1,5 timme innan f\u00f6r att f\u00e5 tillg\u00e5ng till din plats. Det blir l\u00e5nga k\u00f6er om alla utst\u00e4llare kommer samtidigt! <br>F\u00f6rs\u00e4ljningen startar kl. 11.00, inte tidigare och p\u00e5g\u00e5r fram till kl. 15.00. Man l\u00e4mnar inte loppisen f\u00f6rr\u00e4n den st\u00e4nger 15.00 med respekt f\u00f6r bes\u00f6karna, andra loppisf\u00f6rs\u00e4ljare och f\u00f6r att s\u00e4kerheten ska h\u00e5llas.<br><\/p>\n<\/details>\n\n\n\n<details class=\"wp-block-details has-text-color has-link-color has-large-font-size wp-elements-fe9681e1026374d55b148f513b31fbda is-layout-flow wp-block-details-is-layout-flow\" style=\"color:#03994c;font-style:normal;font-weight:600;text-transform:uppercase\"><summary><strong><strong><strong><strong>Vart kan jag parkera?<\/strong><\/strong><\/strong><\/strong><\/summary>\n<p class=\"is-style-default has-contrast-color has-text-color has-link-color has-medium-font-size wp-elements-9915b152062f732324c02a4a7c270cc1\" style=\"font-style:normal;font-weight:400;text-transform:none\">Du parkerar p\u00e5 Asecs \u00f6vriga parkeringar, men kan stanna till och lasta av vid marknaden. <br>OBS! Bilar som inte flyttat sig (som ej bokat bagagelucke-plats) riskerar att f\u00e5 b\u00f6ter efter kl.10.30. <br>S\u00e5 parkera r\u00e4tt, kompis!<br><\/p>\n<\/details>\n\n\n\n<hr class=\"wp-block-separator has-alpha-channel-opacity\"\/>\n\n\n\n<p><\/p>\n","protected":false},"excerpt":{"rendered":"","protected":false},"author":1,"featured_media":0,"parent":0,"menu_order":0,"comment_status":"closed","ping_status":"closed","template":"","meta":{"footnotes":""},"class_list":["post-161","page","type-page","status-publish","hentry"],"_links":{"self":[{"href":"https:\/\/asecs.se\/asecs-market\/index.php?rest_route=\/wp\/v2\/pages\/161","targetHints":{"allow":["GET"]}}],"collection":[{"href":"https:\/\/asecs.se\/asecs-market\/index.php?rest_route=\/wp\/v2\/pages"}],"about":[{"href":"https:\/\/asecs.se\/asecs-market\/index.php?rest_route=\/wp\/v2\/types\/page"}],"author":[{"embeddable":true,"href":"https:\/\/asecs.se\/asecs-market\/index.php?rest_route=\/wp\/v2\/users\/1"}],"replies":[{"embeddable":true,"href":"https:\/\/asecs.se\/asecs-market\/index.php?rest_route=%2Fwp%2Fv2%2Fcomments&post=161"}],"version-history":[{"count":12,"href":"https:\/\/asecs.se\/asecs-market\/index.php?rest_route=\/wp\/v2\/pages\/161\/revisions"}],"predecessor-version":[{"id":1396,"href":"https:\/\/asecs.se\/asecs-market\/index.php?rest_route=\/wp\/v2\/pages\/161\/revisions\/1396"}],"wp:attachment":[{"href":"https:\/\/asecs.se\/asecs-market\/index.php?rest_route=%2Fwp%2Fv2%2Fmedia&parent=161"}],"curies":[{"name":"wp","href":"https:\/\/api.w.org\/{rel}","templated":true}]}}